 170000 is divided by 14102.
776
Calculate the remainder when 162436334 is divided by 4777539.
8
Calculate the remainder when 149886601 is divided by 749433.
1
Calculate the remainder when 35619419 is divided by 58.
53
What is the remainder when 13290134 is divided by 295335?
59
What is the remainder when 463547 is divided by 9?
2
Calculate the remainder when 231695 is divided by 2465.
2450
Calculate the remainder when 43172543 is divided by 35.
8
Calculate the remainder when 5559 is divided by 33.
15
Calculate the remainder when 1164251 is divided by 1098.
371
Calculate the remainder when 29117 is divided by 7078.
805
What is the remainder when 1003104 is divided by 533?
531
What is the remainder when 2701681 is divided by 150080?
241
Calculate the remainder when 5407570 is divided by 13.
12
What is the remainder when 88900 is divided by 644?
28
What is the remainder when 2017866 is divided by 336284?
162
What is the remainder when 71612 is divided by 434?
2
What is the remainder when 169570 is divided by 508?
406
Calculate the remainder when 5304980 is divided by 516.
500
Calculate the remainder when 182798 is divided by 60891.
125
Calculate the remainder when 1591517 is divided by 33.
26
What is the remainder when 3309516 is divided by 6268?
12
Calculate the remainder when 286801 is divided by 20485.
11
What is the remainder when 15720 is divided by 5180?
180
Calculate the remainder when 216685 is divided by 103479.
9727
Calculate the remainder when 3979495 is divided by 244.
99
What is the remainder when 590802 is divided by 50?
2
What is the remainder when 17599608 is divided by 323?
307
What is the remainder when 892134 is divided by 222973?
242
What is the remainder when 8849980 is divided by 2288?
2284
Calculate the remainder when 1794144191 is divided by 27.
23
What is the remainder when 12543343 is divided by 7?
1
Calculate the remainder when 78577 is divided by 996.
889
What is the remainder when 695686 is divided by 115931?
100
What is the remainder when 3862697 is divided by 53644?
329
What is the remainder when 685297 is divided by 6530?
6177
Calculate the remainder when 12150300 is divided by 53.
50
Calculate the remainder when 14772 is divided by 289.
33
Calculate the remainder when 430143 is divided by 475.
268
What is the remainder when 874903 is divided by 114?
67
What is the remainder when 7524662 is divided by 7524645?
17
What is the remainder when 20743653 is divided by 4148728?
13
What is the remainder when 15665614 is divided by 2123?
2120
What is the remainder when 202333 is divided by 25?
8
Calculate the remainder when 65284664 is divided by 750398.
38
What is the remainder when 111717 is divided by 84?
81
Calculate the remainder when 462420 is divided by 76956.
684
Calculate the remainder when 37342875 is divided by 16.
11
What is the remainder when 462990 is divided by 115746?
6
Calculate the remainder when 10369006 is divided by 234.
232
Calculate the remainder when 46737 is divided by 1455.
177
Calculate the remainder when 118448 is divided by 7399.
64
What is the remainder when 135407136 is divided by 79?
30
Calculate the remainder when 658289 is divided by 4247.
4
Calculate the remainder when 453153 is divided by 441.
246
Calculate the remainder when 4669338 is divided by 367.
364
Calculate the remainder when 529939 is divided by 602.
179
Calculate the remainder when 10599487 is divided by 1053.
1042
What is the remainder when 1535966 is divided by 255994?
2
Calculate the remainder when 5253382 is divided by 3304.
22
Calculate the remainder when 829460 is divided by 348.
176
Calculate the remainder when 201481 is divided by 33569.
67
What is the remainder when 150591768 is divided by 766?
764
What is the remainder when 1547177 is divided by 3998?
3949
What is the remainder when 28680550 is divided by 1082?
1058
Calculate the remainder when 10422022 is divided by 21895.
2
What is the remainder when 2561057 is divided by 46564?
37
Calculate the remainder when 17721838 is divided by 43.
33
Calculate the remainder when 86645113 is divided by 13.
9
Calculate the remainder when 702233211 is divided by 171.
165
Calculate the remainder when 144360 is divided by 1568.
104
Calculate the remainder when 10875583 is divided by 526.
7
What is the remainder when 7649663 is divided by 352?
351
What is the remainder when 20283 is divided by 19719?
564
Calculate the remainder when 41785625 is divided by 14.
7
What is the remainder when 162733 is divided by 3454?
395
What is the remainder when 1508426 is divided by 196?
10
Calculate the remainder when 61742524 is divided by 1412.
0
What is the remainder when 553459 is divided by 184468?
55
Calculate the remainder when 140475 is divided by 6350.
775
What is the remainder when 143097585 is divided by 2047?
3
What is the remainder when 501899 is divided by 13206?
71
What is the remainder when 251926754 is divided by 2419?
2418
Calculate the remainder when 9197925 is divided by 49.
37
What is the remainder when 314646 is divided by 78659?
10
What is the remainder when 132509 is divided by 392?
13
What is the remainder when 34023 is divided by 143?
132
What is the remainder when 6952227 is divided by 1738055?
7
What is the remainder when 4110869 is divided by 177?
44
What is the remainder when 699305919 is divided by 475?
469
What is the remainder when 2406943 is divided by 10793?
104
What is the remainder when 27766925 is divided by 784?
781
What is the remainder when 1689654 is divided by 76802?
10
What is the remainder when 191486657 is divided by 56?
33
What is the remainder when 78744855 is divided by 811?
810
What is the remainder when 1130008 is divided by 15?
13
What is the remainder when 11655651 is divided by 2913894?
75
What is the remainder when 1737634 is divided by 335?
324
What is the remainder when 74357255 is divided by 694?
13
What is the remainder when 2944311 is divided by 47?
43
What is the remainder when 5741897 is divided by 28285?
42
What is the remainder when 356697 is divided by 44?
33
Calculate the remainder when 80612158 is divided by 240.
238
What is the remainder when 643914 is divided by 71408?
1242
Calculate the remainder when 35275 is divided by 33965.
1310
Calculate the remainder when 1647245 is divided by 1647221.
24
What is the remainder when 1437546 is divided by 2?
0
What is the remainder when 103556 is divided by 295?
11
What is the remainder when 267440 is divided by 10507?
4765
Calculate the remainder when 3792 is divided by 64.
16
What is the remainder when 3063257 is divided by 3063210?
47
What is the remainder when 13343527 is divided by 303261?
43
What is the remainder when 363908 is divided by 13467?
299
Calculate the remainder when 31594610 is divided by 196.
194
What is the remainder when 1795539 is divided by 199504?
3
Calculate the remainder when 18234553 is divided by 3646904.
33
What is the remainder when 487861 is divided by 104?
101
Calculate the remainder when 107195359 is divided by 51.
40
Calculate the remainder when 688363 is divided by 6816.
6763
Calculate the remainder when 233617 is divided by 6472.
625
What is the remainder when 100988777 is divided by 22?
21
What is the remainder when 13718619 is divided by 1401?
27
What is the remainder when 1215860623 is divided by 2625?
2623
Calculate the remainder when 60959673 is divided by 597.
3
Calculate the remainder when 43308283 is divided by 3.
1
What is the remainder when 3747870 is divided by 1873666?
538
Calculate the remainder when 2607429 is divided by 275.
154
Calculate the remainder when 938202 is divided by 266.
20
What is the remainder when 80936 is divided by 99?
53
Calculate the remainder when 1797343 is divided by 948.
883
Calculate the remainder when 47537 is divided by 2731.
1110
Calculate the remainder when 4238651 is divided by 605517.
32
Calculate the remainder when 144118 is divided by 36014.
62
What is the remainder when 578916 is divided by 12585?
6
What is the remainder when 1622529 is divided by 135159?
621
What is the remainder when 10221823 is divided by 1068?
1063
What is the remainder when 1347317 is divided by 8636?
101
What is the remainder when 4077398 is divided by 2579?
2578
Calculate the remainder when 10367449 is divided by 1203.
1198
What i